[INFO] fetching crate wtools 0.2.20...
[INFO] checking wtools-0.2.20 against master#9610dfe5a9a731ced1ea4923ecbd0c57fe367898 for beta-170-4
[INFO] extracting crate wtools 0.2.20 into /workspace/builds/worker-7-tc1/source
[INFO] validating manifest of crates.io crate wtools 0.2.20 on toolchain 9610dfe5a9a731ced1ea4923ecbd0c57fe367898
[INFO] running `Command { std: CARGO_HOME="/workspace/cargo-home" RUSTUP_HOME="/workspace/rustup-home" "/workspace/cargo-home/bin/cargo" "+9610dfe5a9a731ced1ea4923ecbd0c57fe367898" "metadata" "--manifest-path" "Cargo.toml" "--no-deps", kill_on_drop: false }`
[INFO] started tweaking crates.io crate wtools 0.2.20
[INFO] removed 1 missing examples
[INFO] removed 0 missing tests
[INFO] finished tweaking crates.io crate wtools 0.2.20
[INFO] tweaked toml for crates.io crate wtools 0.2.20 written to /workspace/builds/worker-7-tc1/source/Cargo.toml
[INFO] crate crates.io crate wtools 0.2.20 already has a lockfile, it will not be regenerated
[INFO] running `Command { std: CARGO_HOME="/workspace/cargo-home" RUSTUP_HOME="/workspace/rustup-home" "/workspace/cargo-home/bin/cargo" "+9610dfe5a9a731ced1ea4923ecbd0c57fe367898" "fetch" "--manifest-path" "Cargo.toml", kill_on_drop: false }`
[INFO] [stderr]     Updating crates.io index
[INFO] [stderr]  Downloading crates ...
[INFO] [stderr]   Downloaded wtest_basic v0.1.14
[INFO] [stderr]   Downloaded error_tools v0.1.4
[INFO] [stderr]   Downloaded strs_tools v0.1.8
[INFO] [stderr]   Downloaded mod_interface v0.1.13
[INFO] [stderr]   Downloaded time_tools v0.1.4
[INFO] [stderr]   Downloaded data_type v0.1.9
[INFO] running `Command { std: "docker" "create" "-v" "/var/lib/crater-agent-workspace/builds/worker-7-tc1/target:/opt/rustwide/target:rw,Z" "-v" "/var/lib/crater-agent-workspace/builds/worker-7-tc1/source:/opt/rustwide/workdir:ro,Z" "-v" "/var/lib/crater-agent-workspace/cargo-home:/opt/rustwide/cargo-home:ro,Z" "-v" "/var/lib/crater-agent-workspace/rustup-home:/opt/rustwide/rustup-home:ro,Z" "-e" "SOURCE_DIR=/opt/rustwide/workdir" "-e" "CARGO_TARGET_DIR=/opt/rustwide/target" "-e" "CARGO_HOME=/opt/rustwide/cargo-home" "-e" "RUSTUP_HOME=/opt/rustwide/rustup-home" "-w" "/opt/rustwide/workdir" "-m" "1610612736" "--user" "0:0" "--network" "none" "ghcr.io/rust-lang/crates-build-env/linux@sha256:19e73879b68f455e41552ea35293514db52ea292d993f571636dbffedb77a1ee" "/opt/rustwide/cargo-home/bin/cargo" "+9610dfe5a9a731ced1ea4923ecbd0c57fe367898" "metadata" "--no-deps" "--format-version=1", kill_on_drop: false }`
[INFO] [stdout] c69f44a114b792a9a877f8d9d5d7030f0d0723ad02d9684f4ae0b7712663147e
[INFO] running `Command { std: "docker" "start" "-a" "c69f44a114b792a9a877f8d9d5d7030f0d0723ad02d9684f4ae0b7712663147e", kill_on_drop: false }`
[INFO] running `Command { std: "docker" "inspect" "c69f44a114b792a9a877f8d9d5d7030f0d0723ad02d9684f4ae0b7712663147e", kill_on_drop: false }`
[INFO] running `Command { std: "docker" "rm" "-f" "c69f44a114b792a9a877f8d9d5d7030f0d0723ad02d9684f4ae0b7712663147e", kill_on_drop: false }`
[INFO] [stdout] c69f44a114b792a9a877f8d9d5d7030f0d0723ad02d9684f4ae0b7712663147e
[INFO] running `Command { std: "docker" "create" "-v" "/var/lib/crater-agent-workspace/builds/worker-7-tc1/target:/opt/rustwide/target:rw,Z" "-v" "/var/lib/crater-agent-workspace/builds/worker-7-tc1/source:/opt/rustwide/workdir:ro,Z" "-v" "/var/lib/crater-agent-workspace/cargo-home:/opt/rustwide/cargo-home:ro,Z" "-v" "/var/lib/crater-agent-workspace/rustup-home:/opt/rustwide/rustup-home:ro,Z" "-e" "SOURCE_DIR=/opt/rustwide/workdir" "-e" "CARGO_TARGET_DIR=/opt/rustwide/target" "-e" "CARGO_INCREMENTAL=0" "-e" "RUST_BACKTRACE=full" "-e" "RUSTFLAGS=--cap-lints=forbid" "-e" "RUSTDOCFLAGS=--cap-lints=forbid" "-e" "CARGO_HOME=/opt/rustwide/cargo-home" "-e" "RUSTUP_HOME=/opt/rustwide/rustup-home" "-w" "/opt/rustwide/workdir" "-m" "1610612736" "--user" "0:0" "--network" "none" "ghcr.io/rust-lang/crates-build-env/linux@sha256:19e73879b68f455e41552ea35293514db52ea292d993f571636dbffedb77a1ee" "/opt/rustwide/cargo-home/bin/cargo" "+9610dfe5a9a731ced1ea4923ecbd0c57fe367898" "check" "--frozen" "--all" "--all-targets" "--message-format=json", kill_on_drop: false }`
[INFO] [stdout] 7e4e9585618f66fdc161f8715ef1911fd9a24c9c26e6603643756a2bb3d17ccf
[INFO] running `Command { std: "docker" "start" "-a" "7e4e9585618f66fdc161f8715ef1911fd9a24c9c26e6603643756a2bb3d17ccf", kill_on_drop: false }`
[INFO] [stderr]    Compiling proc-macro2 v1.0.40
[INFO] [stderr]    Compiling quote v1.0.20
[INFO] [stderr]    Compiling unicode-ident v1.0.2
[INFO] [stderr]    Compiling syn v1.0.98
[INFO] [stderr]    Compiling type_constructor v0.1.19
[INFO] [stderr]    Compiling winterval v0.1.5
[INFO] [stderr]    Compiling regex-syntax v0.6.27
[INFO] [stderr]    Compiling once_cell v1.13.0
[INFO] [stderr]    Compiling convert_case v0.4.0
[INFO] [stderr]    Compiling either v1.6.1
[INFO] [stderr]    Compiling mod_interface_runtime v0.1.1
[INFO] [stderr]     Checking former_runtime v0.1.11
[INFO] [stderr]    Compiling for_each v0.1.3
[INFO] [stderr]     Checking lexical-util v0.8.5
[INFO] [stderr]    Compiling num-traits v0.2.15
[INFO] [stderr]    Compiling memchr v2.5.0
[INFO] [stderr]    Compiling literally v0.1.3
[INFO] [stderr]    Compiling paste v1.0.7
[INFO] [stderr]    Compiling serde v1.0.139
[INFO] [stderr]    Compiling anyhow v1.0.58
[INFO] [stderr]    Compiling libc v0.2.126
[INFO] [stderr]    Compiling itertools v0.10.3
[INFO] [stderr]    Compiling convert_case v0.5.0
[INFO] [stderr]    Compiling serde_json v1.0.82
[INFO] [stderr]     Checking diff v0.1.13
[INFO] [stderr]    Compiling serde_derive v1.0.139
[INFO] [stderr]     Checking aho-corasick v0.7.18
[INFO] [stderr]     Checking pretty_assertions v1.2.1
[INFO] [stderr]     Checking ryu v1.0.10
[INFO] [stderr]     Checking lexical-write-integer v0.8.5
[INFO] [stderr]     Checking lexical-parse-integer v0.8.6
[INFO] [stderr]     Checking itoa v1.0.2
[INFO] [stderr]     Checking lexical-write-float v0.8.5
[INFO] [stderr]    Compiling trybuild v1.0.63
[INFO] [stderr]    Compiling rustversion v1.0.8
[INFO] [stderr]     Checking is_slice v0.1.1
[INFO] [stderr]     Checking lexical-parse-float v0.8.5
[INFO] [stderr]     Checking implements v0.1.1
[INFO] [stderr]     Checking inspect_type v0.1.2
[INFO] [stderr]     Checking data_type v0.1.9
[INFO] [stderr]     Checking diagnostics_tools v0.1.3
[INFO] [stderr]     Checking typing_tools v0.1.5
[INFO] [stderr]     Checking mem_tools v0.1.1
[INFO] [stderr]     Checking dissimilar v1.0.4
[INFO] [stderr]     Checking time v0.1.44
[INFO] [stderr]     Checking lexical-core v0.8.5
[INFO] [stderr]     Checking num-integer v0.1.45
[INFO] [stderr]     Checking lexical v6.1.1
[INFO] [stderr]     Checking chrono v0.4.19
[INFO] [stderr]    Compiling iter_tools v0.1.4
[INFO] [stderr]    Compiling regex v1.6.0
[INFO] [stderr]     Checking time_tools v0.1.4
[INFO] [stderr]     Checking toml v0.5.9
[INFO] [stderr]    Compiling proc_macro_tools v0.1.17
[INFO] [stderr]    Compiling structmeta-derive v0.1.5
[INFO] [stderr]    Compiling clone_dyn_meta v0.1.1
[INFO] [stderr]    Compiling derive_more v0.99.17
[INFO] [stderr]    Compiling impls_index_meta v0.1.1
[INFO] [stderr]    Compiling former_meta v0.1.12
[INFO] [stderr]    Compiling thiserror-impl v1.0.31
[INFO] [stderr]    Compiling clone_dyn v0.1.0
[INFO] [stderr]    Compiling impls_index v0.1.3
[INFO] [stderr]     Checking former v0.1.12
[INFO] [stderr]     Checking woptions_runtime v0.1.3
[INFO] [stderr]     Checking strs_tools v0.1.8
[INFO] [stderr]    Compiling structmeta v0.1.5
[INFO] [stderr]     Checking thiserror v1.0.31
[INFO] [stderr]     Checking error_tools v0.1.4
[INFO] [stderr]    Compiling parse-display-derive v0.5.5
[INFO] [stderr]    Compiling parse-display v0.5.5
[INFO] [stderr]    Compiling derive_tools v0.1.5
[INFO] [stderr]    Compiling mod_interface_meta v0.1.11
[INFO] [stderr]    Compiling mod_interface v0.1.13
[INFO] [stderr]    Compiling meta_tools_min v0.2.13
[INFO] [stderr]    Compiling woptions_meta v0.1.3
[INFO] [stderr]     Checking woptions v0.1.3
[INFO] [stderr]     Checking meta_tools v0.2.18
[INFO] [stderr]     Checking wtest_basic v0.1.14
[INFO] [stderr]     Checking wtools v0.2.20 (/opt/rustwide/workdir)
[INFO] [stdout] warning: ambiguous glob re-exports
[INFO] [stdout]    --> rust/impl/wtools_lib.rs:116:11
[INFO] [stdout]     |
[INFO] [stdout] 116 |   pub use super::meta::exposed::*;
[INFO] [stdout]     |           ^^^^^^^^^^^^^^^^^^^^^^^ the name `runtime` in the type namespace is first re-exported here
[INFO] [stdout] ...
[INFO] [stdout] 137 |   pub use super::options::exposed::*;
[INFO] [stdout]     |           -------------------------- but the name `runtime` in the type namespace is also re-exported here
[INFO] [stdout]     |
[INFO] [stdout]     = note: `#[warn(ambiguous_glob_reexports)]` on by default
[INFO] [stdout] 
[INFO] [stdout] 
[INFO] [stdout] warning: ambiguous glob re-exports
[INFO] [stdout]    --> rust/impl/wtools_lib.rs:116:11
[INFO] [stdout]     |
[INFO] [stdout] 116 |   pub use super::meta::exposed::*;
[INFO] [stdout]     |           ^^^^^^^^^^^^^^^^^^^^^^^ the name `meta` in the type namespace is first re-exported here
[INFO] [stdout] ...
[INFO] [stdout] 137 |   pub use super::options::exposed::*;
[INFO] [stdout]     |           -------------------------- but the name `meta` in the type namespace is also re-exported here
[INFO] [stdout] 
[INFO] [stdout] 
[INFO] [stdout] warning: 2 warnings emitted
[INFO] [stdout] 
[INFO] [stdout] 
[INFO] [stderr]     Checking test_tools v0.1.5
[INFO] [stdout] warning: ambiguous glob re-exports
[INFO] [stdout]    --> rust/impl/wtools_lib.rs:116:11
[INFO] [stdout]     |
[INFO] [stdout] 116 |   pub use super::meta::exposed::*;
[INFO] [stdout]     |           ^^^^^^^^^^^^^^^^^^^^^^^ the name `runtime` in the type namespace is first re-exported here
[INFO] [stdout] ...
[INFO] [stdout] 137 |   pub use super::options::exposed::*;
[INFO] [stdout]     |           -------------------------- but the name `runtime` in the type namespace is also re-exported here
[INFO] [stdout]     |
[INFO] [stdout]     = note: `#[warn(ambiguous_glob_reexports)]` on by default
[INFO] [stdout] 
[INFO] [stdout] 
[INFO] [stdout] warning: ambiguous glob re-exports
[INFO] [stdout]    --> rust/impl/wtools_lib.rs:116:11
[INFO] [stdout]     |
[INFO] [stdout] 116 |   pub use super::meta::exposed::*;
[INFO] [stdout]     |           ^^^^^^^^^^^^^^^^^^^^^^^ the name `meta` in the type namespace is first re-exported here
[INFO] [stdout] ...
[INFO] [stdout] 137 |   pub use super::options::exposed::*;
[INFO] [stdout]     |           -------------------------- but the name `meta` in the type namespace is also re-exported here
[INFO] [stdout] 
[INFO] [stdout] 
[INFO] [stdout] warning: 2 warnings emitted
[INFO] [stdout] 
[INFO] [stdout] 
[INFO] [stdout] error[E0433]: failed to resolve: could not find `assert_eq` in `$crate`
[INFO] [stdout]   --> rust/test/error/inc/assert_test.rs:81:1
[INFO] [stdout]    |
[INFO] [stdout] 81 | / tests_index!
[INFO] [stdout] 82 | | {
[INFO] [stdout] 83 | |   debug_assert_id_pass,
[INFO] [stdout] 84 | |   debug_assert_id_fail,
[INFO] [stdout] ...  |
[INFO] [stdout] 91 | |   debug_assert_not_identical_fail,
[INFO] [stdout] 92 | | }
[INFO] [stdout]    | |_^ could not find `assert_eq` in `$crate`
[INFO] [stdout]    |
[INFO] [stdout]    = note: this error originates in the macro `TheModule::debug_assert_id` which comes from the expansion of the macro `tests_index` (in Nightly builds, run with -Z macro-backtrace for more info)
[INFO] [stdout] 
[INFO] [stdout] 
[INFO] [stdout] error[E0433]: failed to resolve: could not find `assert_eq` in `$crate`
[INFO] [stdout]   --> rust/test/error/inc/assert_test.rs:81:1
[INFO] [stdout]    |
[INFO] [stdout] 81 | / tests_index!
[INFO] [stdout] 82 | | {
[INFO] [stdout] 83 | |   debug_assert_id_pass,
[INFO] [stdout] 84 | |   debug_assert_id_fail,
[INFO] [stdout] ...  |
[INFO] [stdout] 91 | |   debug_assert_not_identical_fail,
[INFO] [stdout] 92 | | }
[INFO] [stdout]    | |_^ could not find `assert_eq` in `$crate`
[INFO] [stdout]    |
[INFO] [stdout]    = note: this error originates in the macro `TheModule::debug_assert_id` which comes from the expansion of the macro `tests_index` (in Nightly builds, run with -Z macro-backtrace for more info)
[INFO] [stdout] 
[INFO] [stdout] 
[INFO] [stdout] error[E0433]: failed to resolve: could not find `assert_eq` in `$crate`
[INFO] [stdout]   --> rust/test/error/inc/assert_test.rs:81:1
[INFO] [stdout]    |
[INFO] [stdout] 81 | / tests_index!
[INFO] [stdout] 82 | | {
[INFO] [stdout] 83 | |   debug_assert_id_pass,
[INFO] [stdout] 84 | |   debug_assert_id_fail,
[INFO] [stdout] ...  |
[INFO] [stdout] 91 | |   debug_assert_not_identical_fail,
[INFO] [stdout] 92 | | }
[INFO] [stdout]    | |_^ could not find `assert_eq` in `$crate`
[INFO] [stdout]    |
[INFO] [stdout]    = note: this error originates in the macro `$crate::debug_assert_id` which comes from the expansion of the macro `tests_index` (in Nightly builds, run with -Z macro-backtrace for more info)
[INFO] [stdout] 
[INFO] [stdout] 
[INFO] [stdout] error[E0433]: failed to resolve: could not find `assert_eq` in `$crate`
[INFO] [stdout]   --> rust/test/error/inc/assert_test.rs:81:1
[INFO] [stdout]    |
[INFO] [stdout] 81 | / tests_index!
[INFO] [stdout] 82 | | {
[INFO] [stdout] 83 | |   debug_assert_id_pass,
[INFO] [stdout] 84 | |   debug_assert_id_fail,
[INFO] [stdout] ...  |
[INFO] [stdout] 91 | |   debug_assert_not_identical_fail,
[INFO] [stdout] 92 | | }
[INFO] [stdout]    | |_^ could not find `assert_eq` in `$crate`
[INFO] [stdout]    |
[INFO] [stdout]    = note: this error originates in the macro `$crate::debug_assert_id` which comes from the expansion of the macro `tests_index` (in Nightly builds, run with -Z macro-backtrace for more info)
[INFO] [stdout] 
[INFO] [stdout] 
[INFO] [stdout] error[E0433]: failed to resolve: could not find `assert_ne` in `$crate`
[INFO] [stdout]   --> rust/test/error/inc/assert_test.rs:81:1
[INFO] [stdout]    |
[INFO] [stdout] 81 | / tests_index!
[INFO] [stdout] 82 | | {
[INFO] [stdout] 83 | |   debug_assert_id_pass,
[INFO] [stdout] 84 | |   debug_assert_id_fail,
[INFO] [stdout] ...  |
[INFO] [stdout] 91 | |   debug_assert_not_identical_fail,
[INFO] [stdout] 92 | | }
[INFO] [stdout]    | |_^ could not find `assert_ne` in `$crate`
[INFO] [stdout]    |
[INFO] [stdout]    = note: this error originates in the macro `TheModule::debug_assert_ni` which comes from the expansion of the macro `tests_index` (in Nightly builds, run with -Z macro-backtrace for more info)
[INFO] [stdout] 
[INFO] [stdout] 
[INFO] [stdout] error[E0433]: failed to resolve: could not find `assert_ne` in `$crate`
[INFO] [stdout]   --> rust/test/error/inc/assert_test.rs:81:1
[INFO] [stdout]    |
[INFO] [stdout] 81 | / tests_index!
[INFO] [stdout] 82 | | {
[INFO] [stdout] 83 | |   debug_assert_id_pass,
[INFO] [stdout] 84 | |   debug_assert_id_fail,
[INFO] [stdout] ...  |
[INFO] [stdout] 91 | |   debug_assert_not_identical_fail,
[INFO] [stdout] 92 | | }
[INFO] [stdout]    | |_^ could not find `assert_ne` in `$crate`
[INFO] [stdout]    |
[INFO] [stdout]    = note: this error originates in the macro `TheModule::debug_assert_ni` which comes from the expansion of the macro `tests_index` (in Nightly builds, run with -Z macro-backtrace for more info)
[INFO] [stdout] 
[INFO] [stdout] 
[INFO] [stdout] error[E0433]: failed to resolve: could not find `assert_ne` in `$crate`
[INFO] [stdout]   --> rust/test/error/inc/assert_test.rs:81:1
[INFO] [stdout]    |
[INFO] [stdout] 81 | / tests_index!
[INFO] [stdout] 82 | | {
[INFO] [stdout] 83 | |   debug_assert_id_pass,
[INFO] [stdout] 84 | |   debug_assert_id_fail,
[INFO] [stdout] ...  |
[INFO] [stdout] 91 | |   debug_assert_not_identical_fail,
[INFO] [stdout] 92 | | }
[INFO] [stdout]    | |_^ could not find `assert_ne` in `$crate`
[INFO] [stdout]    |
[INFO] [stdout]    = note: this error originates in the macro `TheModule::debug_assert_not_identical` which comes from the expansion of the macro `tests_index` (in Nightly builds, run with -Z macro-backtrace for more info)
[INFO] [stdout] 
[INFO] [stdout] 
[INFO] [stdout] error[E0433]: failed to resolve: could not find `assert_ne` in `$crate`
[INFO] [stdout]   --> rust/test/error/inc/assert_test.rs:81:1
[INFO] [stdout]    |
[INFO] [stdout] 81 | / tests_index!
[INFO] [stdout] 82 | | {
[INFO] [stdout] 83 | |   debug_assert_id_pass,
[INFO] [stdout] 84 | |   debug_assert_id_fail,
[INFO] [stdout] ...  |
[INFO] [stdout] 91 | |   debug_assert_not_identical_fail,
[INFO] [stdout] 92 | | }
[INFO] [stdout]    | |_^ could not find `assert_ne` in `$crate`
[INFO] [stdout]    |
[INFO] [stdout]    = note: this error originates in the macro `TheModule::debug_assert_not_identical` which comes from the expansion of the macro `tests_index` (in Nightly builds, run with -Z macro-backtrace for more info)
[INFO] [stdout] 
[INFO] [stdout] 
[INFO] [stdout] error: cannot find macro `a_false` in this scope
[INFO] [stdout]   --> rust/test/mem/inc/mem_test.rs:17:5
[INFO] [stdout]    |
[INFO] [stdout] 17 |       a_false!( TheModule::same_ptr( &src1, &src2 ) );
[INFO] [stdout]    |       ^^^^^^^
[INFO] [stdout] ...
[INFO] [stdout] 92 | / tests_index!
[INFO] [stdout] 93 | | {
[INFO] [stdout] 94 | |   same_ptr,
[INFO] [stdout] 95 | |   same_size,
[INFO] [stdout] 96 | |   same_region,
[INFO] [stdout] 97 | |   samples,
[INFO] [stdout] 98 | | }
[INFO] [stdout]    | |_- in this macro invocation
[INFO] [stdout]    |
[INFO] [stdout]    = note: this error originates in the macro `same_ptr` which comes from the expansion of the macro `tests_index` (in Nightly builds, run with -Z macro-backtrace for more info)
[INFO] [stdout] 
[INFO] [stdout] 
[INFO] [stdout] error: cannot find macro `a_false` in this scope
[INFO] [stdout]   --> rust/test/mem/inc/mem_test.rs:21:5
[INFO] [stdout]    |
[INFO] [stdout] 21 |       a_false!( TheModule::same_ptr( &src1, src2 ) );
[INFO] [stdout]    |       ^^^^^^^
[INFO] [stdout] ...
[INFO] [stdout] 92 | / tests_index!
[INFO] [stdout] 93 | | {
[INFO] [stdout] 94 | |   same_ptr,
[INFO] [stdout] 95 | |   same_size,
[INFO] [stdout] 96 | |   same_region,
[INFO] [stdout] 97 | |   samples,
[INFO] [stdout] 98 | | }
[INFO] [stdout]    | |_- in this macro invocation
[INFO] [stdout]    |
[INFO] [stdout]    = note: this error originates in the macro `same_ptr` which comes from the expansion of the macro `tests_index` (in Nightly builds, run with -Z macro-backtrace for more info)
[INFO] [stdout] 
[INFO] [stdout] 
[INFO] [stdout] error: cannot find macro `a_false` in this scope
[INFO] [stdout]   --> rust/test/mem/inc/mem_test.rs:40:5
[INFO] [stdout]    |
[INFO] [stdout] 40 |       a_false!( TheModule::same_size( &src1, src2 ) );
[INFO] [stdout]    |       ^^^^^^^
[INFO] [stdout] ...
[INFO] [stdout] 92 | / tests_index!
[INFO] [stdout] 93 | | {
[INFO] [stdout] 94 | |   same_ptr,
[INFO] [stdout] 95 | |   same_size,
[INFO] [stdout] 96 | |   same_region,
[INFO] [stdout] 97 | |   samples,
[INFO] [stdout] 98 | | }
[INFO] [stdout]    | |_- in this macro invocation
[INFO] [stdout]    |
[INFO] [stdout]    = note: this error originates in the macro `same_size` which comes from the expansion of the macro `tests_index` (in Nightly builds, run with -Z macro-backtrace for more info)
[INFO] [stdout] 
[INFO] [stdout] 
[INFO] [stdout] error: cannot find macro `a_false` in this scope
[INFO] [stdout]   --> rust/test/mem/inc/mem_test.rs:55:5
[INFO] [stdout]    |
[INFO] [stdout] 55 |       a_false!( TheModule::same_region( &src1, &src2 ) );
[INFO] [stdout]    |       ^^^^^^^
[INFO] [stdout] ...
[INFO] [stdout] 92 | / tests_index!
[INFO] [stdout] 93 | | {
[INFO] [stdout] 94 | |   same_ptr,
[INFO] [stdout] 95 | |   same_size,
[INFO] [stdout] 96 | |   same_region,
[INFO] [stdout] 97 | |   samples,
[INFO] [stdout] 98 | | }
[INFO] [stdout]    | |_- in this macro invocation
[INFO] [stdout]    |
[INFO] [stdout]    = note: this error originates in the macro `same_region` which comes from the expansion of the macro `tests_index` (in Nightly builds, run with -Z macro-backtrace for more info)
[INFO] [stdout] 
[INFO] [stdout] 
[INFO] [stdout] error: cannot find macro `a_false` in this scope
[INFO] [stdout]   --> rust/test/mem/inc/mem_test.rs:59:5
[INFO] [stdout]    |
[INFO] [stdout] 59 |       a_false!( TheModule::same_region( &src1, src2 ) );
[INFO] [stdout]    |       ^^^^^^^
[INFO] [stdout] ...
[INFO] [stdout] 92 | / tests_index!
[INFO] [stdout] 93 | | {
[INFO] [stdout] 94 | |   same_ptr,
[INFO] [stdout] 95 | |   same_size,
[INFO] [stdout] 96 | |   same_region,
[INFO] [stdout] 97 | |   samples,
[INFO] [stdout] 98 | | }
[INFO] [stdout]    | |_- in this macro invocation
[INFO] [stdout]    |
[INFO] [stdout]    = note: this error originates in the macro `same_region` which comes from the expansion of the macro `tests_index` (in Nightly builds, run with -Z macro-backtrace for more info)
[INFO] [stdout] 
[INFO] [stdout] 
[INFO] [stdout] error[E0437]: type `Element` is not a member of trait `TheModule::Enumerable`
[INFO] [stdout]    --> rust/test/dt/type_constructor/enumerable_test.rs:16:7
[INFO] [stdout]     |
[INFO] [stdout] 16  |         type Element = i32;
[INFO] [stdout]     |         ^^^^^^^^^^^^^^^^^^^ not a member of trait `TheModule::Enumerable`
[INFO] [stdout] ...
[INFO] [stdout] 258 | / tests_index!
[INFO] [stdout] 259 | | {
[INFO] [stdout] 260 | |   basic,
[INFO] [stdout] 261 | |   manual_into_iter,
[INFO] [stdout] 262 | |   enumerable_iterate_trait,
[INFO] [stdout] 263 | |   into_iterate_enumerable_iterate_trait,
[INFO] [stdout] 264 | | }
[INFO] [stdout]     | |_- in this macro invocation
[INFO] [stdout]     |
[INFO] [stdout]     = note: this error originates in the macro `PairDefine` which comes from the expansion of the macro `tests_index` (in Nightly builds, run with -Z macro-backtrace for more info)
[INFO] [stdout] 
[INFO] [stdout] 
[INFO] [stdout] error[E0407]: method `element_ref` is not a member of trait `TheModule::Enumerable`
[INFO] [stdout]    --> rust/test/dt/type_constructor/enumerable_test.rs:21:7
[INFO] [stdout]     |
[INFO] [stdout] 21  | /       fn element_ref( &self, index : usize ) -> &Self::Element
[INFO] [stdout] 22  | |       {
[INFO] [stdout] 23  | |         debug_assert!( index < 2 );
[INFO] [stdout] 24  | |         if index == 0
[INFO] [stdout] ...   |
[INFO] [stdout] 31  | |         }
[INFO] [stdout] 32  | |       }
[INFO] [stdout]     | |_______^ not a member of trait `TheModule::Enumerable`
[INFO] [stdout] ...
[INFO] [stdout] 258 | / tests_index!
[INFO] [stdout] 259 | | {
[INFO] [stdout] 260 | |   basic,
[INFO] [stdout] 261 | |   manual_into_iter,
[INFO] [stdout] 262 | |   enumerable_iterate_trait,
[INFO] [stdout] 263 | |   into_iterate_enumerable_iterate_trait,
[INFO] [stdout] 264 | | }
[INFO] [stdout]     | |_- in this macro invocation
[INFO] [stdout]     |
[INFO] [stdout]     = note: this error originates in the macro `PairDefine` which comes from the expansion of the macro `tests_index` (in Nightly builds, run with -Z macro-backtrace for more info)
[INFO] [stdout] 
[INFO] [stdout] 
[INFO] [stdout] error[E0407]: method `element_copy` is not a member of trait `TheModule::Enumerable`
[INFO] [stdout]    --> rust/test/dt/type_constructor/enumerable_test.rs:33:7
[INFO] [stdout]     |
[INFO] [stdout] 33  |         fn element_copy( &self, index : usize ) -> Self::Element
[INFO] [stdout]     |         ^  ------------ help: there is an associated function with a similar name: `element_take`
[INFO] [stdout]     |  _______|
[INFO] [stdout]     | |
[INFO] [stdout] 34  | |       {
[INFO] [stdout] 35  | |         debug_assert!( index < 2 );
[INFO] [stdout] 36  | |         if index == 0
[INFO] [stdout] ...   |
[INFO] [stdout] 43  | |         }
[INFO] [stdout] 44  | |       }
[INFO] [stdout]     | |_______^ not a member of trait `TheModule::Enumerable`
[INFO] [stdout] ...
[INFO] [stdout] 258 | / tests_index!
[INFO] [stdout] 259 | | {
[INFO] [stdout] 260 | |   basic,
[INFO] [stdout] 261 | |   manual_into_iter,
[INFO] [stdout] 262 | |   enumerable_iterate_trait,
[INFO] [stdout] 263 | |   into_iterate_enumerable_iterate_trait,
[INFO] [stdout] 264 | | }
[INFO] [stdout]     | |_- in this macro invocation
[INFO] [stdout]     |
[INFO] [stdout]     = note: this error originates in the macro `PairDefine` which comes from the expansion of the macro `tests_index` (in Nightly builds, run with -Z macro-backtrace for more info)
[INFO] [stdout] 
[INFO] [stdout] 
[INFO] [stdout] error[E0437]: type `Element` is not a member of trait `TheModule::Enumerable`
[INFO] [stdout]    --> rust/test/dt/type_constructor/enumerable_test.rs:16:7
[INFO] [stdout]     |
[INFO] [stdout] 16  |         type Element = i32;
[INFO] [stdout]     |         ^^^^^^^^^^^^^^^^^^^ not a member of trait `TheModule::Enumerable`
[INFO] [stdout] ...
[INFO] [stdout] 258 | / tests_index!
[INFO] [stdout] 259 | | {
[INFO] [stdout] 260 | |   basic,
[INFO] [stdout] 261 | |   manual_into_iter,
[INFO] [stdout] 262 | |   enumerable_iterate_trait,
[INFO] [stdout] 263 | |   into_iterate_enumerable_iterate_trait,
[INFO] [stdout] 264 | | }
[INFO] [stdout]     | |_- in this macro invocation
[INFO] [stdout]     |
[INFO] [stdout]     = note: this error originates in the macro `PairDefine` which comes from the expansion of the macro `tests_index` (in Nightly builds, run with -Z macro-backtrace for more info)
[INFO] [stdout] 
[INFO] [stdout] 
[INFO] [stdout] error[E0407]: method `element_ref` is not a member of trait `TheModule::Enumerable`
[INFO] [stdout]    --> rust/test/dt/type_constructor/enumerable_test.rs:21:7
[INFO] [stdout]     |
[INFO] [stdout] 21  | /       fn element_ref( &self, index : usize ) -> &Self::Element
[INFO] [stdout] 22  | |       {
[INFO] [stdout] 23  | |         debug_assert!( index < 2 );
[INFO] [stdout] 24  | |         if index == 0
[INFO] [stdout] ...   |
[INFO] [stdout] 31  | |         }
[INFO] [stdout] 32  | |       }
[INFO] [stdout]     | |_______^ not a member of trait `TheModule::Enumerable`
[INFO] [stdout] ...
[INFO] [stdout] 258 | / tests_index!
[INFO] [stdout] 259 | | {
[INFO] [stdout] 260 | |   basic,
[INFO] [stdout] 261 | |   manual_into_iter,
[INFO] [stdout] 262 | |   enumerable_iterate_trait,
[INFO] [stdout] 263 | |   into_iterate_enumerable_iterate_trait,
[INFO] [stdout] 264 | | }
[INFO] [stdout]     | |_- in this macro invocation
[INFO] [stdout]     |
[INFO] [stdout]     = note: this error originates in the macro `PairDefine` which comes from the expansion of the macro `tests_index` (in Nightly builds, run with -Z macro-backtrace for more info)
[INFO] [stdout] 
[INFO] [stdout] 
[INFO] [stdout] error[E0407]: method `element_copy` is not a member of trait `TheModule::Enumerable`
[INFO] [stdout]    --> rust/test/dt/type_constructor/enumerable_test.rs:33:7
[INFO] [stdout]     |
[INFO] [stdout] 33  |         fn element_copy( &self, index : usize ) -> Self::Element
[INFO] [stdout]     |         ^  ------------ help: there is an associated function with a similar name: `element_take`
[INFO] [stdout]     |  _______|
[INFO] [stdout]     | |
[INFO] [stdout] 34  | |       {
[INFO] [stdout] 35  | |         debug_assert!( index < 2 );
[INFO] [stdout] 36  | |         if index == 0
[INFO] [stdout] ...   |
[INFO] [stdout] 43  | |         }
[INFO] [stdout] 44  | |       }
[INFO] [stdout]     | |_______^ not a member of trait `TheModule::Enumerable`
[INFO] [stdout] ...
[INFO] [stdout] 258 | / tests_index!
[INFO] [stdout] 259 | | {
[INFO] [stdout] 260 | |   basic,
[INFO] [stdout] 261 | |   manual_into_iter,
[INFO] [stdout] 262 | |   enumerable_iterate_trait,
[INFO] [stdout] 263 | |   into_iterate_enumerable_iterate_trait,
[INFO] [stdout] 264 | | }
[INFO] [stdout]     | |_- in this macro invocation
[INFO] [stdout]     |
[INFO] [stdout]     = note: this error originates in the macro `PairDefine` which comes from the expansion of the macro `tests_index` (in Nightly builds, run with -Z macro-backtrace for more info)
[INFO] [stdout] 
[INFO] [stdout] 
[INFO] [stdout] error[E0433]: failed to resolve: could not find `EnumerableIteratorCopy` in `TheModule`
[INFO] [stdout]    --> rust/test/dt/type_constructor/enumerable_test.rs:101:20
[INFO] [stdout]     |
[INFO] [stdout] 101 |           TheModule::EnumerableIteratorCopy::new( self )
[INFO] [stdout]     |                      ^^^^^^^^^^^^^^^^^^^^^^ could not find `EnumerableIteratorCopy` in `TheModule`
[INFO] [stdout] ...
[INFO] [stdout] 258 | / tests_index!
[INFO] [stdout] 259 | | {
[INFO] [stdout] 260 | |   basic,
[INFO] [stdout] 261 | |   manual_into_iter,
[INFO] [stdout] 262 | |   enumerable_iterate_trait,
[INFO] [stdout] 263 | |   into_iterate_enumerable_iterate_trait,
[INFO] [stdout] 264 | | }
[INFO] [stdout]     | |_- in this macro invocation
[INFO] [stdout]     |
[INFO] [stdout]     = note: this error originates in the macro `manual_into_iter` which comes from the expansion of the macro `tests_index` (in Nightly builds, run with -Z macro-backtrace for more info)
[INFO] [stdout] 
[INFO] [stdout] 
[INFO] [stdout] error[E0433]: failed to resolve: could not find `EnumerableIteratorRef` in `TheModule`
[INFO] [stdout]    --> rust/test/dt/type_constructor/enumerable_test.rs:111:20
[INFO] [stdout]     |
[INFO] [stdout] 111 |           TheModule::EnumerableIteratorRef::new( self )
[INFO] [stdout]     |                      ^^^^^^^^^^^^^^^^^^^^^ could not find `EnumerableIteratorRef` in `TheModule`
[INFO] [stdout] ...
[INFO] [stdout] 258 | / tests_index!
[INFO] [stdout] 259 | | {
[INFO] [stdout] 260 | |   basic,
[INFO] [stdout] 261 | |   manual_into_iter,
[INFO] [stdout] 262 | |   enumerable_iterate_trait,
[INFO] [stdout] 263 | |   into_iterate_enumerable_iterate_trait,
[INFO] [stdout] 264 | | }
[INFO] [stdout]     | |_- in this macro invocation
[INFO] [stdout]     |
[INFO] [stdout]     = note: this error originates in the macro `manual_into_iter` which comes from the expansion of the macro `tests_index` (in Nightly builds, run with -Z macro-backtrace for more info)
[INFO] [stdout] 
[INFO] [stdout] 
[INFO] [stdout] error[E0437]: type `Element` is not a member of trait `TheModule::Enumerable`
[INFO] [stdout]    --> rust/test/dt/type_constructor/enumerable_test.rs:16:7
[INFO] [stdout]     |
[INFO] [stdout] 16  |         type Element = i32;
[INFO] [stdout]     |         ^^^^^^^^^^^^^^^^^^^ not a member of trait `TheModule::Enumerable`
[INFO] [stdout] ...
[INFO] [stdout] 258 | / tests_index!
[INFO] [stdout] 259 | | {
[INFO] [stdout] 260 | |   basic,
[INFO] [stdout] 261 | |   manual_into_iter,
[INFO] [stdout] 262 | |   enumerable_iterate_trait,
[INFO] [stdout] 263 | |   into_iterate_enumerable_iterate_trait,
[INFO] [stdout] 264 | | }
[INFO] [stdout]     | |_- in this macro invocation
[INFO] [stdout]     |
[INFO] [stdout]     = note: this error originates in the macro `PairDefine` which comes from the expansion of the macro `tests_index` (in Nightly builds, run with -Z macro-backtrace for more info)
[INFO] [stdout] 
[INFO] [stdout] 
[INFO] [stdout] error[E0407]: method `element_ref` is not a member of trait `TheModule::Enumerable`
[INFO] [stdout]    --> rust/test/dt/type_constructor/enumerable_test.rs:21:7
[INFO] [stdout]     |
[INFO] [stdout] 21  | /       fn element_ref( &self, index : usize ) -> &Self::Element
[INFO] [stdout] 22  | |       {
[INFO] [stdout] 23  | |         debug_assert!( index < 2 );
[INFO] [stdout] 24  | |         if index == 0
[INFO] [stdout] ...   |
[INFO] [stdout] 31  | |         }
[INFO] [stdout] 32  | |       }
[INFO] [stdout]     | |_______^ not a member of trait `TheModule::Enumerable`
[INFO] [stdout] ...
[INFO] [stdout] 258 | / tests_index!
[INFO] [stdout] 259 | | {
[INFO] [stdout] 260 | |   basic,
[INFO] [stdout] 261 | |   manual_into_iter,
[INFO] [stdout] 262 | |   enumerable_iterate_trait,
[INFO] [stdout] 263 | |   into_iterate_enumerable_iterate_trait,
[INFO] [stdout] 264 | | }
[INFO] [stdout]     | |_- in this macro invocation
[INFO] [stdout]     |
[INFO] [stdout]     = note: this error originates in the macro `PairDefine` which comes from the expansion of the macro `tests_index` (in Nightly builds, run with -Z macro-backtrace for more info)
[INFO] [stdout] 
[INFO] [stdout] 
[INFO] [stdout] error[E0407]: method `element_copy` is not a member of trait `TheModule::Enumerable`
[INFO] [stdout]    --> rust/test/dt/type_constructor/enumerable_test.rs:33:7
[INFO] [stdout]     |
[INFO] [stdout] 33  |         fn element_copy( &self, index : usize ) -> Self::Element
[INFO] [stdout]     |         ^  ------------ help: there is an associated function with a similar name: `element_take`
[INFO] [stdout]     |  _______|
[INFO] [stdout]     | |
[INFO] [stdout] 34  | |       {
[INFO] [stdout] 35  | |         debug_assert!( index < 2 );
[INFO] [stdout] 36  | |         if index == 0
[INFO] [stdout] ...   |
[INFO] [stdout] 43  | |         }
[INFO] [stdout] 44  | |       }
[INFO] [stdout]     | |_______^ not a member of trait `TheModule::Enumerable`
[INFO] [stdout] ...
[INFO] [stdout] 258 | / tests_index!
[INFO] [stdout] 259 | | {
[INFO] [stdout] 260 | |   basic,
[INFO] [stdout] 261 | |   manual_into_iter,
[INFO] [stdout] 262 | |   enumerable_iterate_trait,
[INFO] [stdout] 263 | |   into_iterate_enumerable_iterate_trait,
[INFO] [stdout] 264 | | }
[INFO] [stdout]     | |_- in this macro invocation
[INFO] [stdout]     |
[INFO] [stdout]     = note: this error originates in the macro `PairDefine` which comes from the expansion of the macro `tests_index` (in Nightly builds, run with -Z macro-backtrace for more info)
[INFO] [stdout] 
[INFO] [stdout] 
[INFO] [stdout] error[E0437]: type `Element` is not a member of trait `TheModule::Enumerable`
[INFO] [stdout]    --> rust/test/dt/type_constructor/enumerable_test.rs:16:7
[INFO] [stdout]     |
[INFO] [stdout] 16  |         type Element = i32;
[INFO] [stdout]     |         ^^^^^^^^^^^^^^^^^^^ not a member of trait `TheModule::Enumerable`
[INFO] [stdout] ...
[INFO] [stdout] 258 | / tests_index!
[INFO] [stdout] 259 | | {
[INFO] [stdout] 260 | |   basic,
[INFO] [stdout] 261 | |   manual_into_iter,
[INFO] [stdout] 262 | |   enumerable_iterate_trait,
[INFO] [stdout] 263 | |   into_iterate_enumerable_iterate_trait,
[INFO] [stdout] 264 | | }
[INFO] [stdout]     | |_- in this macro invocation
[INFO] [stdout]     |
[INFO] [stdout]     = note: this error originates in the macro `PairDefine` which comes from the expansion of the macro `tests_index` (in Nightly builds, run with -Z macro-backtrace for more info)
[INFO] [stdout] 
[INFO] [stdout] 
[INFO] [stdout] error[E0407]: method `element_ref` is not a member of trait `TheModule::Enumerable`
[INFO] [stdout]    --> rust/test/dt/type_constructor/enumerable_test.rs:21:7
[INFO] [stdout]     |
[INFO] [stdout] 21  | /       fn element_ref( &self, index : usize ) -> &Self::Element
[INFO] [stdout] 22  | |       {
[INFO] [stdout] 23  | |         debug_assert!( index < 2 );
[INFO] [stdout] 24  | |         if index == 0
[INFO] [stdout] ...   |
[INFO] [stdout] 31  | |         }
[INFO] [stdout] 32  | |       }
[INFO] [stdout]     | |_______^ not a member of trait `TheModule::Enumerable`
[INFO] [stdout] ...
[INFO] [stdout] 258 | / tests_index!
[INFO] [stdout] 259 | | {
[INFO] [stdout] 260 | |   basic,
[INFO] [stdout] 261 | |   manual_into_iter,
[INFO] [stdout] 262 | |   enumerable_iterate_trait,
[INFO] [stdout] 263 | |   into_iterate_enumerable_iterate_trait,
[INFO] [stdout] 264 | | }
[INFO] [stdout]     | |_- in this macro invocation
[INFO] [stdout]     |
[INFO] [stdout]     = note: this error originates in the macro `PairDefine` which comes from the expansion of the macro `tests_index` (in Nightly builds, run with -Z macro-backtrace for more info)
[INFO] [stdout] 
[INFO] [stdout] 
[INFO] [stdout] error[E0407]: method `element_copy` is not a member of trait `TheModule::Enumerable`
[INFO] [stdout]    --> rust/test/dt/type_constructor/enumerable_test.rs:33:7
[INFO] [stdout]     |
[INFO] [stdout] 33  |         fn element_copy( &self, index : usize ) -> Self::Element
[INFO] [stdout]     |         ^  ------------ help: there is an associated function with a similar name: `element_take`
[INFO] [stdout]     |  _______|
[INFO] [stdout]     | |
[INFO] [stdout] 34  | |       {
[INFO] [stdout] 35  | |         debug_assert!( index < 2 );
[INFO] [stdout] 36  | |         if index == 0
[INFO] [stdout] ...   |
[INFO] [stdout] 43  | |         }
[INFO] [stdout] 44  | |       }
[INFO] [stdout]     | |_______^ not a member of trait `TheModule::Enumerable`
[INFO] [stdout] ...
[INFO] [stdout] 258 | / tests_index!
[INFO] [stdout] 259 | | {
[INFO] [stdout] 260 | |   basic,
[INFO] [stdout] 261 | |   manual_into_iter,
[INFO] [stdout] 262 | |   enumerable_iterate_trait,
[INFO] [stdout] 263 | |   into_iterate_enumerable_iterate_trait,
[INFO] [stdout] 264 | | }
[INFO] [stdout]     | |_- in this macro invocation
[INFO] [stdout]     |
[INFO] [stdout]     = note: this error originates in the macro `PairDefine` which comes from the expansion of the macro `tests_index` (in Nightly builds, run with -Z macro-backtrace for more info)
[INFO] [stdout] 
[INFO] [stdout] 
[INFO] [stdout] error[E0433]: failed to resolve: could not find `EnumerableIteratorCopy` in `TheModule`
[INFO] [stdout]    --> rust/test/dt/type_constructor/enumerable_test.rs:205:20
[INFO] [stdout]     |
[INFO] [stdout] 205 |           TheModule::EnumerableIteratorCopy::new( self )
[INFO] [stdout]     |                      ^^^^^^^^^^^^^^^^^^^^^^ could not find `EnumerableIteratorCopy` in `TheModule`
[INFO] [stdout] ...
[INFO] [stdout] 258 | / tests_index!
[INFO] [stdout] 259 | | {
[INFO] [stdout] 260 | |   basic,
[INFO] [stdout] 261 | |   manual_into_iter,
[INFO] [stdout] 262 | |   enumerable_iterate_trait,
[INFO] [stdout] 263 | |   into_iterate_enumerable_iterate_trait,
[INFO] [stdout] 264 | | }
[INFO] [stdout]     | |_- in this macro invocation
[INFO] [stdout]     |
[INFO] [stdout]     = note: this error originates in the macro `into_iterate_enumerable_iterate_trait` which comes from the expansion of the macro `tests_index` (in Nightly builds, run with -Z macro-backtrace for more info)
[INFO] [stdout] 
[INFO] [stdout] 
[INFO] [stdout] error[E0433]: failed to resolve: could not find `EnumerableIteratorRef` in `TheModule`
[INFO] [stdout]    --> rust/test/dt/type_constructor/enumerable_test.rs:215:20
[INFO] [stdout]     |
[INFO] [stdout] 215 |           TheModule::EnumerableIteratorRef::new( self )
[INFO] [stdout]     |                      ^^^^^^^^^^^^^^^^^^^^^ could not find `EnumerableIteratorRef` in `TheModule`
[INFO] [stdout] ...
[INFO] [stdout] 258 | / tests_index!
[INFO] [stdout] 259 | | {
[INFO] [stdout] 260 | |   basic,
[INFO] [stdout] 261 | |   manual_into_iter,
[INFO] [stdout] 262 | |   enumerable_iterate_trait,
[INFO] [stdout] 263 | |   into_iterate_enumerable_iterate_trait,
[INFO] [stdout] 264 | | }
[INFO] [stdout]     | |_- in this macro invocation
[INFO] [stdout]     |
[INFO] [stdout]     = note: this error originates in the macro `into_iterate_enumerable_iterate_trait` which comes from the expansion of the macro `tests_index` (in Nightly builds, run with -Z macro-backtrace for more info)
[INFO] [stdout] 
[INFO] [stdout] 
[INFO] [stdout] error[E0576]: cannot find associated type `Element` in trait `Enumerable`
[INFO] [stdout]    --> rust/test/dt/type_constructor/enumerable_test.rs:97:44
[INFO] [stdout]     |
[INFO] [stdout] 97  |         type Item = < Pair1 as Enumerable >::Element;
[INFO] [stdout]     |                                              ^^^^^^^
[INFO] [stdout]     |                                              |
[INFO] [stdout]     |                                              not found in `Enumerable`
[INFO] [stdout]     |                                              help: maybe you meant this associated type: `Item`
[INFO] [stdout] ...
[INFO] [stdout] 258 | / tests_index!
[INFO] [stdout] 259 | | {
[INFO] [stdout] 260 | |   basic,
[INFO] [stdout] 261 | |   manual_into_iter,
[INFO] [stdout] 262 | |   enumerable_iterate_trait,
[INFO] [stdout] 263 | |   into_iterate_enumerable_iterate_trait,
[INFO] [stdout] 264 | | }
[INFO] [stdout]     | |_- in this macro invocation
[INFO] [stdout]     |
[INFO] [stdout]    ::: /opt/rustwide/cargo-home/registry/src/index.crates.io-6f17d22bba15001f/type_constructor-0.1.19/rust/impl/dt/type_constructor/enumerable.rs:12:5
[INFO] [stdout]     |
[INFO] [stdout] 12  |       type Item;
[INFO] [stdout]     |       --------- associated type `Item` defined here
[INFO] [stdout]     |
[INFO] [stdout]     = note: this error originates in the macro `manual_into_iter` which comes from the expansion of the macro `tests_index` (in Nightly builds, run with -Z macro-backtrace for more info)
[INFO] [stdout] 
[INFO] [stdout] 
[INFO] [stdout] error[E0412]: cannot find type `EnumerableIteratorCopy` in crate `TheModule`
[INFO] [stdout]    --> rust/test/dt/type_constructor/enumerable_test.rs:98:34
[INFO] [stdout]     |
[INFO] [stdout] 98  |         type IntoIter = TheModule::EnumerableIteratorCopy< Self >;
[INFO] [stdout]     |                                    ^^^^^^^^^^^^^^^^^^^^^^ not found in `TheModule`
[INFO] [stdout] ...
[INFO] [stdout] 258 | / tests_index!
[INFO] [stdout] 259 | | {
[INFO] [stdout] 260 | |   basic,
[INFO] [stdout] 261 | |   manual_into_iter,
[INFO] [stdout] 262 | |   enumerable_iterate_trait,
[INFO] [stdout] 263 | |   into_iterate_enumerable_iterate_trait,
[INFO] [stdout] 264 | | }
[INFO] [stdout]     | |_- in this macro invocation
[INFO] [stdout]     |
[INFO] [stdout]     = note: this error originates in the macro `manual_into_iter` which comes from the expansion of the macro `tests_index` (in Nightly builds, run with -Z macro-backtrace for more info)
[INFO] [stdout] 
[INFO] [stdout] 
[INFO] [stdout] error[E0576]: cannot find associated type `Element` in trait `Enumerable`
[INFO] [stdout]    --> rust/test/dt/type_constructor/enumerable_test.rs:107:48
[INFO] [stdout]     |
[INFO] [stdout] 107 |         type Item = &'a < Pair1 as Enumerable >::Element;
[INFO] [stdout]     |                                                  ^^^^^^^
[INFO] [stdout]     |                                                  |
[INFO] [stdout]     |                                                  not found in `Enumerable`
[INFO] [stdout]     |                                                  help: maybe you meant this associated type: `Item`
[INFO] [stdout] ...
[INFO] [stdout] 258 | / tests_index!
[INFO] [stdout] 259 | | {
[INFO] [stdout] 260 | |   basic,
[INFO] [stdout] 261 | |   manual_into_iter,
[INFO] [stdout] 262 | |   enumerable_iterate_trait,
[INFO] [stdout] 263 | |   into_iterate_enumerable_iterate_trait,
[INFO] [stdout] 264 | | }
[INFO] [stdout]     | |_- in this macro invocation
[INFO] [stdout]     |
[INFO] [stdout]    ::: /opt/rustwide/cargo-home/registry/src/index.crates.io-6f17d22bba15001f/type_constructor-0.1.19/rust/impl/dt/type_constructor/enumerable.rs:12:5
[INFO] [stdout]     |
[INFO] [stdout] 12  |       type Item;
[INFO] [stdout]     |       --------- associated type `Item` defined here
[INFO] [stdout]     |
[INFO] [stdout]     = note: this error originates in the macro `manual_into_iter` which comes from the expansion of the macro `tests_index` (in Nightly builds, run with -Z macro-backtrace for more info)
[INFO] [stdout] 
[INFO] [stdout] 
[INFO] [stdout] error[E0412]: cannot find type `EnumerableIteratorRef` in crate `TheModule`
[INFO] [stdout]    --> rust/test/dt/type_constructor/enumerable_test.rs:108:34
[INFO] [stdout]     |
[INFO] [stdout] 108 |         type IntoIter = TheModule::EnumerableIteratorRef< 'a, Pair1 >;
[INFO] [stdout]     |                                    ^^^^^^^^^^^^^^^^^^^^^ not found in `TheModule`
[INFO] [stdout] ...
[INFO] [stdout] 258 | / tests_index!
[INFO] [stdout] 259 | | {
[INFO] [stdout] 260 | |   basic,
[INFO] [stdout] 261 | |   manual_into_iter,
[INFO] [stdout] 262 | |   enumerable_iterate_trait,
[INFO] [stdout] 263 | |   into_iterate_enumerable_iterate_trait,
[INFO] [stdout] 264 | | }
[INFO] [stdout]     | |_- in this macro invocation
[INFO] [stdout]     |
[INFO] [stdout]     = note: this error originates in the macro `manual_into_iter` which comes from the expansion of the macro `tests_index` (in Nightly builds, run with -Z macro-backtrace for more info)
[INFO] [stdout] 
[INFO] [stdout] 
[INFO] [stdout] error[E0576]: cannot find associated type `Element` in trait `Enumerable`
[INFO] [stdout]    --> rust/test/dt/type_constructor/enumerable_test.rs:201:44
[INFO] [stdout]     |
[INFO] [stdout] 201 |         type Item = < Pair1 as Enumerable >::Element;
[INFO] [stdout]     |                                              ^^^^^^^
[INFO] [stdout]     |                                              |
[INFO] [stdout]     |                                              not found in `Enumerable`
[INFO] [stdout]     |                                              help: maybe you meant this associated type: `Item`
[INFO] [stdout] ...
[INFO] [stdout] 258 | / tests_index!
[INFO] [stdout] 259 | | {
[INFO] [stdout] 260 | |   basic,
[INFO] [stdout] 261 | |   manual_into_iter,
[INFO] [stdout] 262 | |   enumerable_iterate_trait,
[INFO] [stdout] 263 | |   into_iterate_enumerable_iterate_trait,
[INFO] [stdout] 264 | | }
[INFO] [stdout]     | |_- in this macro invocation
[INFO] [stdout]     |
[INFO] [stdout]    ::: /opt/rustwide/cargo-home/registry/src/index.crates.io-6f17d22bba15001f/type_constructor-0.1.19/rust/impl/dt/type_constructor/enumerable.rs:12:5
[INFO] [stdout]     |
[INFO] [stdout] 12  |       type Item;
[INFO] [stdout]     |       --------- associated type `Item` defined here
[INFO] [stdout]     |
[INFO] [stdout]     = note: this error originates in the macro `into_iterate_enumerable_iterate_trait` which comes from the expansion of the macro `tests_index` (in Nightly builds, run with -Z macro-backtrace for more info)
[INFO] [stdout] 
[INFO] [stdout] 
[INFO] [stdout] error[E0412]: cannot find type `EnumerableIteratorCopy` in crate `TheModule`
[INFO] [stdout]    --> rust/test/dt/type_constructor/enumerable_test.rs:202:34
[INFO] [stdout]     |
[INFO] [stdout] 202 |         type IntoIter = TheModule::EnumerableIteratorCopy< Self >;
[INFO] [stdout]     |                                    ^^^^^^^^^^^^^^^^^^^^^^ not found in `TheModule`
[INFO] [stdout] ...
[INFO] [stdout] 258 | / tests_index!
[INFO] [stdout] 259 | | {
[INFO] [stdout] 260 | |   basic,
[INFO] [stdout] 261 | |   manual_into_iter,
[INFO] [stdout] 262 | |   enumerable_iterate_trait,
[INFO] [stdout] 263 | |   into_iterate_enumerable_iterate_trait,
[INFO] [stdout] 264 | | }
[INFO] [stdout]     | |_- in this macro invocation
[INFO] [stdout]     |
[INFO] [stdout]     = note: this error originates in the macro `into_iterate_enumerable_iterate_trait` which comes from the expansion of the macro `tests_index` (in Nightly builds, run with -Z macro-backtrace for more info)
[INFO] [stdout] 
[INFO] [stdout] 
[INFO] [stdout] error[E0576]: cannot find associated type `Element` in trait `Enumerable`
[INFO] [stdout]    --> rust/test/dt/type_constructor/enumerable_test.rs:211:48
[INFO] [stdout]     |
[INFO] [stdout] 211 |         type Item = &'a < Pair1 as Enumerable >::Element;
[INFO] [stdout]     |                                                  ^^^^^^^
[INFO] [stdout]     |                                                  |
[INFO] [stdout]     |                                                  not found in `Enumerable`
[INFO] [stdout]     |                                                  help: maybe you meant this associated type: `Item`
[INFO] [stdout] ...
[INFO] [stdout] 258 | / tests_index!
[INFO] [stdout] 259 | | {
[INFO] [stdout] 260 | |   basic,
[INFO] [stdout] 261 | |   manual_into_iter,
[INFO] [stdout] 262 | |   enumerable_iterate_trait,
[INFO] [stdout] 263 | |   into_iterate_enumerable_iterate_trait,
[INFO] [stdout] 264 | | }
[INFO] [stdout]     | |_- in this macro invocation
[INFO] [stdout]     |
[INFO] [stdout]    ::: /opt/rustwide/cargo-home/registry/src/index.crates.io-6f17d22bba15001f/type_constructor-0.1.19/rust/impl/dt/type_constructor/enumerable.rs:12:5
[INFO] [stdout]     |
[INFO] [stdout] 12  |       type Item;
[INFO] [stdout]     |       --------- associated type `Item` defined here
[INFO] [stdout]     |
[INFO] [stdout]     = note: this error originates in the macro `into_iterate_enumerable_iterate_trait` which comes from the expansion of the macro `tests_index` (in Nightly builds, run with -Z macro-backtrace for more info)
[INFO] [stdout] 
[INFO] [stdout] 
[INFO] [stdout] error[E0412]: cannot find type `EnumerableIteratorRef` in crate `TheModule`
[INFO] [stdout]    --> rust/test/dt/type_constructor/enumerable_test.rs:212:34
[INFO] [stdout]     |
[INFO] [stdout] 212 |         type IntoIter = TheModule::EnumerableIteratorRef< 'a, Pair1 >;
[INFO] [stdout]     |                                    ^^^^^^^^^^^^^^^^^^^^^ not found in `TheModule`
[INFO] [stdout] ...
[INFO] [stdout] 258 | / tests_index!
[INFO] [stdout] 259 | | {
[INFO] [stdout] 260 | |   basic,
[INFO] [stdout] 261 | |   manual_into_iter,
[INFO] [stdout] 262 | |   enumerable_iterate_trait,
[INFO] [stdout] 263 | |   into_iterate_enumerable_iterate_trait,
[INFO] [stdout] 264 | | }
[INFO] [stdout]     | |_- in this macro invocation
[INFO] [stdout]     |
[INFO] [stdout]     = note: this error originates in the macro `into_iterate_enumerable_iterate_trait` which comes from the expansion of the macro `tests_index` (in Nightly builds, run with -Z macro-backtrace for more info)
[INFO] [stdout] 
[INFO] [stdout] 
[INFO] [stdout] error[E0220]: associated type `Element` not found for `Self`
[INFO] [stdout]    --> rust/test/dt/type_constructor/enumerable_test.rs:21:56
[INFO] [stdout]     |
[INFO] [stdout] 21  |         fn element_ref( &self, index : usize ) -> &Self::Element
[INFO] [stdout]     |                                                          ^^^^^^^ associated type `Element` not found
[INFO] [stdout] ...
[INFO] [stdout] 258 | / tests_index!
[INFO] [stdout] 259 | | {
[INFO] [stdout] 260 | |   basic,
[INFO] [stdout] 261 | |   manual_into_iter,
[INFO] [stdout] 262 | |   enumerable_iterate_trait,
[INFO] [stdout] 263 | |   into_iterate_enumerable_iterate_trait,
[INFO] [stdout] 264 | | }
[INFO] [stdout]     | |_- in this macro invocation
[INFO] [stdout]     |
[INFO] [stdout]     = note: this error originates in the macro `PairDefine` which comes from the expansion of the macro `tests_index` (in Nightly builds, run with -Z macro-backtrace for more info)
[INFO] [stdout] 
[INFO] [stdout] 
[INFO] [stdout] error[E0220]: associated type `Element` not found for `Self`
[INFO] [stdout]    --> rust/test/dt/type_constructor/enumerable_test.rs:33:56
[INFO] [stdout]     |
[INFO] [stdout] 33  |         fn element_copy( &self, index : usize ) -> Self::Element
[INFO] [stdout]     |                                                          ^^^^^^^ associated type `Element` not found
[INFO] [stdout] ...
[INFO] [stdout] 258 | / tests_index!
[INFO] [stdout] 259 | | {
[INFO] [stdout] 260 | |   basic,
[INFO] [stdout] 261 | |   manual_into_iter,
[INFO] [stdout] 262 | |   enumerable_iterate_trait,
[INFO] [stdout] 263 | |   into_iterate_enumerable_iterate_trait,
[INFO] [stdout] 264 | | }
[INFO] [stdout]     | |_- in this macro invocation
[INFO] [stdout]     |
[INFO] [stdout]     = note: this error originates in the macro `PairDefine` which comes from the expansion of the macro `tests_index` (in Nightly builds, run with -Z macro-backtrace for more info)
[INFO] [stdout] 
[INFO] [stdout] 
[INFO] [stdout] error[E0220]: associated type `Element` not found for `Self`
[INFO] [stdout]    --> rust/test/dt/type_constructor/enumerable_test.rs:21:56
[INFO] [stdout]     |
[INFO] [stdout] 21  |         fn element_ref( &self, index : usize ) -> &Self::Element
[INFO] [stdout]     |                                                          ^^^^^^^ associated type `Element` not found
[INFO] [stdout] ...
[INFO] [stdout] 258 | / tests_index!
[INFO] [stdout] 259 | | {
[INFO] [stdout] 260 | |   basic,
[INFO] [stdout] 261 | |   manual_into_iter,
[INFO] [stdout] 262 | |   enumerable_iterate_trait,
[INFO] [stdout] 263 | |   into_iterate_enumerable_iterate_trait,
[INFO] [stdout] 264 | | }
[INFO] [stdout]     | |_- in this macro invocation
[INFO] [stdout]     |
[INFO] [stdout]     = note: this error originates in the macro `PairDefine` which comes from the expansion of the macro `tests_index` (in Nightly builds, run with -Z macro-backtrace for more info)
[INFO] [stdout] 
[INFO] [stdout] 
[INFO] [stdout] error[E0220]: associated type `Element` not found for `Self`
[INFO] [stdout]    --> rust/test/dt/type_constructor/enumerable_test.rs:33:56
[INFO] [stdout]     |
[INFO] [stdout] 33  |         fn element_copy( &self, index : usize ) -> Self::Element
[INFO] [stdout]     |                                                          ^^^^^^^ associated type `Element` not found
[INFO] [stdout] ...
[INFO] [stdout] 258 | / tests_index!
[INFO] [stdout] 259 | | {
[INFO] [stdout] 260 | |   basic,
[INFO] [stdout] 261 | |   manual_into_iter,
[INFO] [stdout] 262 | |   enumerable_iterate_trait,
[INFO] [stdout] 263 | |   into_iterate_enumerable_iterate_trait,
[INFO] [stdout] 264 | | }
[INFO] [stdout]     | |_- in this macro invocation
[INFO] [stdout]     |
[INFO] [stdout]     = note: this error originates in the macro `PairDefine` which comes from the expansion of the macro `tests_index` (in Nightly builds, run with -Z macro-backtrace for more info)
[INFO] [stdout] 
[INFO] [stdout] 
[INFO] [stdout] error[E0220]: associated type `Element` not found for `Self`
[INFO] [stdout]    --> rust/test/dt/type_constructor/enumerable_test.rs:21:56
[INFO] [stdout]     |
[INFO] [stdout] 21  |         fn element_ref( &self, index : usize ) -> &Self::Element
[INFO] [stdout]     |                                                          ^^^^^^^ associated type `Element` not found
[INFO] [stdout] ...
[INFO] [stdout] 258 | / tests_index!
[INFO] [stdout] 259 | | {
[INFO] [stdout] 260 | |   basic,
[INFO] [stdout] 261 | |   manual_into_iter,
[INFO] [stdout] 262 | |   enumerable_iterate_trait,
[INFO] [stdout] 263 | |   into_iterate_enumerable_iterate_trait,
[INFO] [stdout] 264 | | }
[INFO] [stdout]     | |_- in this macro invocation
[INFO] [stdout]     |
[INFO] [stdout]     = note: this error originates in the macro `PairDefine` which comes from the expansion of the macro `tests_index` (in Nightly builds, run with -Z macro-backtrace for more info)
[INFO] [stdout] 
[INFO] [stdout] 
[INFO] [stdout] error[E0220]: associated type `Element` not found for `Self`
[INFO] [stdout]    --> rust/test/dt/type_constructor/enumerable_test.rs:33:56
[INFO] [stdout]     |
[INFO] [stdout] 33  |         fn element_copy( &self, index : usize ) -> Self::Element
[INFO] [stdout]     |                                                          ^^^^^^^ associated type `Element` not found
[INFO] [stdout] ...
[INFO] [stdout] 258 | / tests_index!
[INFO] [stdout] 259 | | {
[INFO] [stdout] 260 | |   basic,
[INFO] [stdout] 261 | |   manual_into_iter,
[INFO] [stdout] 262 | |   enumerable_iterate_trait,
[INFO] [stdout] 263 | |   into_iterate_enumerable_iterate_trait,
[INFO] [stdout] 264 | | }
[INFO] [stdout]     | |_- in this macro invocation
[INFO] [stdout]     |
[INFO] [stdout]     = note: this error originates in the macro `PairDefine` which comes from the expansion of the macro `tests_index` (in Nightly builds, run with -Z macro-backtrace for more info)
[INFO] [stdout] 
[INFO] [stdout] 
[INFO] [stdout] error[E0220]: associated type `Element` not found for `Self`
[INFO] [stdout]    --> rust/test/dt/type_constructor/enumerable_test.rs:21:56
[INFO] [stdout]     |
[INFO] [stdout] 21  |         fn element_ref( &self, index : usize ) -> &Self::Element
[INFO] [stdout]     |                                                          ^^^^^^^ associated type `Element` not found
[INFO] [stdout] ...
[INFO] [stdout] 258 | / tests_index!
[INFO] [stdout] 259 | | {
[INFO] [stdout] 260 | |   basic,
[INFO] [stdout] 261 | |   manual_into_iter,
[INFO] [stdout] 262 | |   enumerable_iterate_trait,
[INFO] [stdout] 263 | |   into_iterate_enumerable_iterate_trait,
[INFO] [stdout] 264 | | }
[INFO] [stdout]     | |_- in this macro invocation
[INFO] [stdout]     |
[INFO] [stdout]     = note: this error originates in the macro `PairDefine` which comes from the expansion of the macro `tests_index` (in Nightly builds, run with -Z macro-backtrace for more info)
[INFO] [stdout] 
[INFO] [stdout] 
[INFO] [stdout] error[E0220]: associated type `Element` not found for `Self`
[INFO] [stdout]    --> rust/test/dt/type_constructor/enumerable_test.rs:33:56
[INFO] [stdout]     |
[INFO] [stdout] 33  |         fn element_copy( &self, index : usize ) -> Self::Element
[INFO] [stdout]     |                                                          ^^^^^^^ associated type `Element` not found
[INFO] [stdout] ...
[INFO] [stdout] 258 | / tests_index!
[INFO] [stdout] 259 | | {
[INFO] [stdout] 260 | |   basic,
[INFO] [stdout] 261 | |   manual_into_iter,
[INFO] [stdout] 262 | |   enumerable_iterate_trait,
[INFO] [stdout] 263 | |   into_iterate_enumerable_iterate_trait,
[INFO] [stdout] 264 | | }
[INFO] [stdout]     | |_- in this macro invocation
[INFO] [stdout]     |
[INFO] [stdout]     = note: this error originates in the macro `PairDefine` which comes from the expansion of the macro `tests_index` (in Nightly builds, run with -Z macro-backtrace for more info)
[INFO] [stdout] 
[INFO] [stdout] 
[INFO] [stdout] error: aborting due to 45 previous errors
[INFO] [stdout] 
[INFO] [stdout] 
[INFO] [stdout] Some errors have detailed explanations: E0220, E0407, E0412, E0433, E0437, E0576.
[INFO] [stdout] 
[INFO] [stdout] For more information about an error, try `rustc --explain E0220`.
[INFO] [stdout] 
[INFO] [stderr] error: could not compile `wtools` (test "wtools_test") due to 46 previous errors
[INFO] running `Command { std: "docker" "inspect" "7e4e9585618f66fdc161f8715ef1911fd9a24c9c26e6603643756a2bb3d17ccf", kill_on_drop: false }`
[INFO] running `Command { std: "docker" "rm" "-f" "7e4e9585618f66fdc161f8715ef1911fd9a24c9c26e6603643756a2bb3d17ccf", kill_on_drop: false }`
[INFO] [stdout] 7e4e9585618f66fdc161f8715ef1911fd9a24c9c26e6603643756a2bb3d17ccf
